t i(v) = 6*v - 107. Let l be i(17). Let o(f) = -f**2 - f + 12. Give o(l).
-8
Let f(x) = x**2 + 5*x. Suppose 4*c - 5*q - 9 = 0, c + 5*q + 1 = -3*c. Let o be -2 + 3 + c - 1. Suppose o = -p - 5*i, -3*p - 31 = 2*p - i. What is f(p)?
6
Let w(i) be the second derivative of -i**4/6 + i**3/6 - 5*i**2/2 - 8*i - 3. Determine w(4).
-33
Let h(l) = -l**2 - 9*l - 6. Let d be h(-8). Let j be (1 + (-2)/(-4))*d. Let o(u) = -u + 0*u - 1 + 2 - 2*u. Determine o(j).
-8
Let p be ((-35)/(-14))/((-2)/(-24)). Let h = -33 + p. Let q(z) = -z**3 - 3*z**2 + 2. Determine q(h).
2
Let d(o) be the first derivative of o**3/3 + 5*o**2/2 + 6*o - 1. Suppose 37*h - 5 = s + 36*h, 4*s = 2*h - 20. Determine d(s).
6
Suppose 0 = 2*m + 8. Let z(u) = 8*u**2 - 8*u + 3. Let o(f) = 3*f**2 - 3*f + 1. Let a(t) = m*z(t) + 11*o(t). Suppose 6 = r + 2. Give a(r).
11
Let t be 3/(-6 + (-741)/(-130)). Let k(h) = -3*h + 18. What is k(t)?
48
Let n be 4*(-1)/(-2) - (0 - -3). Let d = 4 + n. Let q(r) be the second derivative of -r**4/6 + r**3/2 - r**2/2 - r. Determine q(d).
-10
Let s(t) = -t**2 + 6*t - 3. Let j(a) be the second derivative of -a**5/20 + a**4/3 - a**3/6 - a**2/2 + 45*a. Let v be j(3). Give s(v).
2
Let c = -806 + 798. Let a(s) be the first derivative of -s**3/3 - 7*s**2/2 + 4*s - 1. Give a(c).
-4
Let y = -123 - -125. Suppose y*n = 4*p + 34, 13 = -5*p + 2*n - 28. Let u(j) = -j**2 - 5*j + 9. Give u(p).
-5
Let l = -25 + 25. Let n(f) = f**2 + f + 4. Let b be n(l). Let v(w) = 2*w - 6 - w**2 + 9*w - 4*w + b. Give v(7).
-2
Suppose -26 = -5*u - 31. Let t(v) = 4*v + 1. Let f(q) = q**2 - q. Let p(m) = -2*f(m) + t(m). Let r(h) = -h**2 - 1. Let n(k) = u*p(k) + 3*r(k). Calculate n(-4).
4
Let y(i) = 7*i**2 - i - 10. Let z(l) = 6*l**2 - 9. Let t(q) = -5*y(q) + 6*z(q). Let p(s) = s**2 - 12*s + 13. Let x be p(10). Determine t(x).
10
Let q(u) = -9*u**2 + u - 15. Let f(a) = 2*a**2 - 3*a. Let o(p) = 5*f(p) + q(p). Calculate o(15).
0
Let v be ((-15)/(-6))/((-29)/58). Let c(r) = -r**2 - 5*r - 8. Give c(v).
-8
Let o(z) be the second derivative of -z**4/6 - 11*z**3/6 + z**2/2 - 349*z. Calculate o(-6).
-5
Suppose -64*b + 58*b + 6 = 0. Let v(g) = -g + 1. Give v(b).
0
Let f(i) = -i**3 + 6*i**2 + 5*i + 5. Let b be (-5)/35 - 254/(-14). Let c = b - 2. Suppose -c*o + 35 = -11*o. What is f(o)?
-9
Let d(k) = -44*k**3 + 43*k**3 + 0 + 3*k**2 - 1 - 8*k**2. What is d(-5)?
-1
Let n = 2 + 1. Let g(s) = -7*s**n + 5 - 5*s - 13*s**2 + 0*s**3 + 0*s. Let p(j) = -15*j**3 - 27*j**2 - 10*j + 10. Let c(y) = -13*g(y) + 6*p(y). Determine c(-6).
1
Let q be (11/33)/((-2)/(-24)). Let n(j) be the first derivative of -j**4/4 + 2*j**3/3 + 5*j**2/2 - j + 1. Give n(q).
-13
Let m(j) = -12*j**2 - 1. Let r = -93 + 95. Suppose 4*v = r*f, v = -f - 0*f + 3. Give m(v).
-13
Let z = 626 - 632. Let j(a) = -a**3 - 5*a**2 + 2*a - 20. Calculate j(z).
4
Suppose 134*p + 88 = 126*p. Let z(y) = y**3 + 11*y**2 + 2*y + 15. What is z(p)?
-7
Suppose 0 = -17*i + 2*i + 45. Let k(m) = -2*m**3 - 5 + 2*m**2 + 4 - 4*m**2 + m**i. What is k(-2)?
-1
Let h be 21/14*(-6)/(-1). Let b(y) = 2*y - h*y + 2*y**3 - 4*y**2 + 1 - 10*y + 16*y. Give b(3).
16
Let c(n) be the first derivative of -2*n**2 - 2*n + 415. What is c(-1)?
2
Let a(t) = t**2 + 12. Let o(c) = -c**2 - c - 13. Let n(s) = -6*a(s) - 5*o(s). Let f(q) = q**2 - 6*q + 8. Let d(g) = 2*f(g) + 3*n(g). Calculate d(5).
-15
Suppose -48*l = -12*l - 144. Let r(v) = v**3 - 3*v**2 - 6*v + 3. Determine r(l).
-5
Let a(p) = -9*p**2 + 13*p - 21. Let l(s) = 5*s**2 - 7*s + 12. Let v(i) = 4*a(i) + 7*l(i). What is v(6)?
-18
Let x(k) = k - 2. Let t be x(9). Suppose -t*d = -34 - 8. Let l(c) = c**2 - 7*c + 1. Give l(d).
-5
Let p(m) = 2*m**2 + 28 + 0*m**2 + 27 - 58 + 5*m. Suppose g + 4 = -0. Calculate p(g).
9
Let y(g) = -g**2 + 2*g - 2. Suppose -2*m - 6 = 0, -4*i + i = -2*m - 9. What is y(i)?
-1
Let y(d) = d**2 - 6*d + 8. Let f be (1 - 4)/(27/(-45)). Let u be y(f). Let z(w) = -2*w**3 + 5*w**2 - 4*w + 4. What is z(u)?
-17
Let g(l) = -8*l - 1. Let u = 2 + -11. Let s = 8 + u. Determine g(s).
7
Let s(a) = -2*a - 1. Suppose x + 3*g = 28, -7*g = -3*x - 2*g + 70. Suppose 7 - x = 6*z. Let f be (0 + z)*8/6. What is s(f)?
7
Let b(u) = -4*u**3 - 4*u + 2*u**3 + 5*u**2 - 20 - 8*u + 6*u**2. Let g(r) = r**3 - 5*r**2 + 6*r + 10. Let i(p) = -3*b(p) - 5*g(p). Calculate i(7).
3
Let x be ((-34)/51)/(4/18). Let y(b) = -8*b + 3. Let l(o) = -o + 1. Let f(a) = -6*l(a) + y(a). Give f(x).
3
Let z(i) = i**3 - 2*i**2 + i - 2. Let k = -8 - -11. Suppose 6*n - 9 = k. Let r be n/6 - 20/(-12). Give z(r).
0
Let j = -24 - -61. Let d = j + -33. Let q(x) = 2*x + 3. Determine q(d).
11
Let p(w) be the second derivative of -1/6*w**3 + 0 - 13/2*w**2 + 13*w. Calculate p(-11).
-2
Let j(c) = 5*c - 13 - 8*c + c**3 - 16*c**2 + 4*c. Let u be j(16). Let f(y) = 6 - 3*y**2 + 3*y + 7*y**u - 4 - 6*y**3 - 2*y**2. Calculate f(4).
-2
Let x(t) = -t**2 - 3*t - 2. Let v be x(-5). Let d(q) = q**3 + 12*q**2 + q + 16. What is d(v)?
4
Suppose 3*w = 3 + 9. Let n be -2*(81/(-6))/9. Let l(k) = 0*k + 5*k**2 - 14*k**2 + 5*k + 4*k**2 + k**n. Calculate l(w).
4
Let x(b) be the first derivative of -5*b**2 - 2*b - 65. Calculate x(-2).
18
Let s(l) = -11*l + 21. Let p(n) = -23*n + 45. Let h(v) = -4*p(v) + 9*s(v). Determine h(7).
-40
Let h(k) = k**2 + 6*k - 3. Let v(i) be the third derivative of -i**5/30 + 13*i**4/24 + 19*i**3/6 - 13*i**2. Let a be v(8). Determine h(a).
-8
Let f(c) = -3 + 0*c + c + 3 - 2. Let b be f(4). Let i(u) = -5*u**b - u**3 + 6*u**2 - 19 + 3. Give i(0).
-16
Suppose -2*d = 70*d + 72. Let l(y) = -4*y - 5*y + 5*y. Give l(d).
4
Let q(s) be the first derivative of s**5/10 + s**4/6 + s**2/2 + 4*s - 8. Let z(f) be the first derivative of q(f). Suppose 0 = 3*g + g + 8. Calculate z(g).
-7
Suppose 4*m - 2*r + 16 = 0, -47*m - 5*r - 26 = -46*m. Let a(p) = p**3 + 5*p**2 - 6*p - 8. Give a(m).
-8
Let a(j) = -29*j**2 - j. Let y be a(-1). Let n = -32 - y. Let z(m) = -m**3 - 4*m**2 + 2*m + 3. What is z(n)?
-5
Let z(t) be the third derivative of -t**4/4 + t**3/2 + 9*t**2 + 3. Give z(-3).
21
Let a(b) = -b**3 + 6*b**2 + 6*b + 8. Suppose s - 30 = -4*s. Suppose -g = -4*c + 18, -3*c = -2*c - g - s. Let l be 75/11 - c/(-22). Determine a(l).
1
Let k(m) = m**2 - 4*m. Let x be (-304)/(-95) - (8/20)/2. Give k(x).
-3
Let d(i) = -7*i**2 - i. Let r be (-4)/42 - 3864/(-3528). What is d(r)?
-8
Let l(s) = -2*s**3 - 4*s**2 + 4*s - 3. Let a(c) = -3*c**3 - 4*c**2 + 5*c - 3. Let t(d) = -3*a(d) + 4*l(d). Let k = 6537 - 6534. What is t(k)?
-9
Let i(y) = 3*y + 5 + 3 + y. Let d be i(-2). Let q(a) = -a + 1. Let b(u) = -7*u + 12. Let w(g) = b(g) - 6*q(g). Give w(d).
6
Suppose 0 = -u - 4*t + 19, t + 1 = 6. Let v(q) = -q**2 - q + 1. Let b(p) = 10*p**2 + 4*p - 7. Let m(z) = u*b(z) - 6*v(z). Let r = 151 - 152. Give m(r).
-5
Let x(f) = -2*f**2 - 10*f - 11. Let z be x(-4). Let c(g) = 8*g**3 + 9*g**2 + 2*g. Let d(p) = -7*p**3 - 8*p**2 - 2*p. Let w(o) = 6*c(o) + 7*d(o). Determine w(z).
15
Suppose 2*r = 4*r + 10. Let l = 8 + r. Let d(m) = -m**3 + 2*m**2 + 4*m - 2. What is d(l)?
1
Let y(i) be the second derivative of -i**3/6 + 3*i**2/2 + 6*i. Let a(q) = q**3 - 5*q**2 + q - 7. Let l be a(5). Let g = l + 5. What is y(g)?
0
Let y = 18 - 13. Let s(j) be the second derivative of j**5/20 - j**4/3 - 7*j**3/6 + 7*j**2/2 - 78*j. Determine s(y).
-3
Let h(a) = -3 + a - 104*a**2 + 106*a**2 - 4*a. Calculate h(-2).
11
Suppose -3*w + 2*t + 15 = 0, 4*w - 22 = 3*t - 1. Suppose -2*b = -6*b - 2*h + 16, 0 = b + 2*h - 10. Let x(n) = n - w + 5 + b. Determine x(-4).
0
Let t(l) be the first derivative of -10 + 3*l**2 + 51*l + 39 - 49*l. Calculate t(-2).
-10
Let z(i) = i**2 + 12*i + 5. Suppose 27*o - 12*o + 180 = 0. Determine z(o).
5
Let y(n) be the first derivative of n**4/4 - 2*n**3 - 5*n**2/2 - n - 252. Give y(7).
13
Let c = 19 + -17. Let d(k) = -6 + k**2 + 6 + 1 + 0*k - c*k. What is d(-2)?
9
Let g be -2 - (-2 + -10 + 2/1). Suppose n + 40 = -4*n - 5*a, g = 2*n - 4*a. Let t(q) = q**3 + 6*q**2 + 3*q - 4. What is t(n)?
16
Let n(d) be the first derivative of d**4/2 + 4*d**3/3 - d**2 - 304. Determine n(-4).
-56
Let i(c) be the third derivative of -c**4/12 - c**3/3 + c**2. Let r be ((-1 + -7)/(-4))/2*4. Calculate i(r).
-10
Let u(l) = 6 + l**2 + 4*l**2 + l**3 + 0*l**2 + 4*l. Suppose 0 = -8*r + 20*r + 48. Calculate u(r).
6
Let w(h) = -16*h - 1. Let a be (-5 + -58)/9 + 8. Determi